{"id":292,"date":"2020-08-25T14:48:38","date_gmt":"2020-08-25T12:48:38","guid":{"rendered":"http:\/\/maths-code.fr\/cours\/?page_id=292"},"modified":"2024-06-14T23:33:29","modified_gmt":"2024-06-14T21:33:29","slug":"linux-et-le-logiciel-libre","status":"publish","type":"page","link":"https:\/\/maths-code.fr\/cours\/linux-et-le-logiciel-libre\/","title":{"rendered":"Linux et le logiciel libre"},"content":{"rendered":"\n<figure class=\"wp-block-gallery aligncenter has-nested-images columns-default is-cropped wp-block-gallery-1 is-layout-flex wp-block-gallery-is-layout-flex\">\n<figure class=\"wp-block-image size-full\"><img loading=\"lazy\" decoding=\"async\" width=\"900\" height=\"306\" data-id=\"5796\" src=\"https:\/\/maths-code.fr\/cours\/wp-content\/uploads\/2024\/06\/stallman_torvalds-300x102_upscayl_3x_realesrgan-x4plus.png\" alt=\"\" class=\"wp-image-5796\" srcset=\"https:\/\/maths-code.fr\/cours\/wp-content\/uploads\/2024\/06\/stallman_torvalds-300x102_upscayl_3x_realesrgan-x4plus.png 900w, https:\/\/maths-code.fr\/cours\/wp-content\/uploads\/2024\/06\/stallman_torvalds-300x102_upscayl_3x_realesrgan-x4plus-300x102.png 300w, https:\/\/maths-code.fr\/cours\/wp-content\/uploads\/2024\/06\/stallman_torvalds-300x102_upscayl_3x_realesrgan-x4plus-768x261.png 768w\" sizes=\"auto, (max-width: 900px) 100vw, 900px\" \/><figcaption class=\"wp-element-caption\">Stallman-Torvalds, GNU\/Linux<\/figcaption><\/figure>\n<\/figure>\n\n\n\n<p>Deux acteurs historiques du logiciel libre : Richard Stallman et Linus Torvalds. On notera cependant une diff\u00e9rence de vision entre les deux personnages. <a href=\"_wp_link_placeholder\" data-wplink-edit=\"true\">L&rsquo;un -Stallman- recherchant le c\u00f4t\u00e9 \u00e9thique<\/a> du logiciel libre et l&rsquo;autre privil\u00e9giant le c\u00f4t\u00e9 dit pragmatique, ce qui correspond davantage au terme <em>open source<\/em>.<\/p>\n\n\n\n<p>Le logiciel libre est avant tout un \u00e9tat d&rsquo;esprit,<em> libre<\/em> est \u00e0 prendre au sens de libert\u00e9 et non de gratuit m\u00eame si souvent les logiciels libres le sont. La g\u00e9n\u00e8se du projet <strong>GNU\/Linux<\/strong> est \u00e0 mettre au cr\u00e9dit de ces deux informaticiens de renom.<br>Vous d\u00e9couvrirez ce <strong>syst\u00e8me d&rsquo;exploitation<\/strong> et divers logiciel libre au cours de cette ann\u00e9e de premi\u00e8re.<\/p>\n\n\n\n<h3 class=\"wp-block-heading\">Richard Stallman (1953-):<\/h3>\n\n\n\n<p>Ancien de Harvard, Il d\u00e9couvrit au MIT l\u2019\u00e9thique des hackers : le partage des connaissances, le refus de l\u2019autorit\u00e9 et le perfectionnisme.<\/p>\n\n\n\n<p>Au mois de septembre 1983, Richard Stallman annon\u00e7a le d\u00e9veloppement d\u2019un syst\u00e8me d\u2019exploitation libre qu\u2019il nomme \u00ab GNU \u00bb et qui a pour but d\u2019\u00eatre un \u00e9quivalent libre d\u2019Unix. L\u2019acronyme r\u00e9cursif GNU signifie GNU\u2019s Not Unix (\u00ab GNU n\u2019est pas UNIX \u00bb) et se veut un clin d\u2019\u0153il humoristique \u00e0 une tradition des informaticiens du MIT de nommer des projets au moyen d\u2019acronymes r\u00e9cursifs .<\/p>\n\n\n\n<p>Lorsque l\u2019imprimante Xerox de son laboratoire se mit \u00e0 avoir des soucis de bourrage, il d\u00e9cida d\u2019am\u00e9liorer le pilote existant afin de r\u00e9gler le probl\u00e8me. Il fut alors surpris de voir que celui-ci est uniquement disponible sous la forme d\u2019un binaire; le code source en est inaccessible et personne ne veut le lui fournir. Il comprend que l\u2019\u00e9thique du hacker est en train de dispara\u00eetre et qu\u2019il faut agir. C\u2019est ce qui explique en partie la conception du projet GNU quelques mois plus tard apr\u00e8s un message publi\u00e9 sur Usenet. Pour Usenet, voir <a href=\"https:\/\/fr.wikipedia.org\/wiki\/Usenet\">https:\/\/fr.wikipedia.org\/wiki\/Usenet<\/a><\/p>\n\n\n\n<blockquote class=\"wp-block-quote is-layout-flow wp-block-quote-is-layout-flow\">\n<p>La naissance du noyau Linux en 1991 (apr\u00e8s que celui-ci eut \u00e9t\u00e9 publi\u00e9 sous licence GPL) permet, en le combinant aux outils GNU, de former le syst\u00e8me d\u2019exploitation GNU\/Linux.<\/p>\n<\/blockquote>\n\n\n\n<p>Il y a une controverse et une certaine confusion de nommage du syst\u00e8me d\u2019exploitation entre Linux, qui est en r\u00e9alit\u00e9 le noyau du syst\u00e8me d\u2019exploitation, et GNU\/Linux qui est le syst\u00e8me d\u2019exploitation. L\u2019appellation GNU\/Linux est importante pour Richard Stallman, car elle permet entre autres que ne soit pas occult\u00e9 le but du projet GNU : permettre l\u2019utilisation d\u2019un syst\u00e8me enti\u00e8rement libre et garantir les libert\u00e9s fondamentales de mani\u00e8re g\u00e9n\u00e9rale.<\/p>\n\n\n\n<p>Le logo est logiquement form\u00e9 d&rsquo;un gnou (GNU) et d&rsquo;un pingouin (Linux), ce dernier nomm\u00e9 TUX est cens\u00e9 repr\u00e9senter la r\u00e9sistance et la robustesse du syst\u00e8me.<\/p>\n\n\n\n<p>Ses relations avec les protagonistes du mouvement sont devenues de plus en plus difficiles. L\u2019incarnation de Linus Torvalds en sauveur de l\u2019informatique libre moderne \u2014 id\u00e9e re\u00e7ue v\u00e9hicul\u00e9e par les m\u00e9dias \u00e0 travers la popularit\u00e9 du projet Linux \u2014 agace Stallman. Non seulement car Linus lui-m\u00eame refuse ce r\u00f4le, mais aussi parce que, pour des raisons historiques logiques et sa lutte sans faille depuis le d\u00e9but du mouvement, selon Stallman, ce titre devrait lui revenir. (source: <a href=\"https:\/\/fr.wikipedia.org\/wiki\/Richard_Stallman\">https:\/\/fr.wikipedia.org\/wiki\/Richard_Stallman<\/a>)<\/p>\n\n\n\n<h3 class=\"wp-block-heading\">Linus Torvalds (1969-):<\/h3>\n\n\n\n<p>Cr\u00e9ateur du noyau -qu&rsquo;il avait publi\u00e9 comme un projet sans importance- et coordinateur de Linux. Linus Benedict Torvalds, n\u00e9 le 28 d\u00e9cembre 1969 \u00e0 Helsinki en Finlande, est un informaticien am\u00e9ricano-finlandais.<\/p>\n\n\n\n<blockquote class=\"wp-block-quote is-layout-flow wp-block-quote-is-layout-flow\">\n<p>Il est connu pour avoir cr\u00e9\u00e9 en 1991 le noyau Linux dont il continue de diriger le d\u00e9veloppement<\/p>\n<\/blockquote>\n\n\n\n<p>Linus est assez connu pour son c\u00f4t\u00e9 mauvais gar\u00e7on.<br>-En 2012, il adresse notamment \u00e0 la soci\u00e9t\u00e9 Nvidia un \u00ab\u00a0allez vous faire foutre\u00a0\u00bb assorti d&rsquo;un doigt d&rsquo;honneur car Nvidia a omis les pilotes de cartes graphiques dans le code source ouvert de Linux.<br>-Il a \u00e9galement affirm\u00e9 \u00e0 propos de Microsoft :<\/p>\n\n\n\n<blockquote class=\"wp-block-quote is-layout-flow wp-block-quote-is-layout-flow\">\n<p><em>Microsoft n&rsquo;est pas mauvais, ils font juste des syst\u00e8mes d&rsquo;exploitation vraiment merdiques.<br>Linux Torvalds<br><\/em><\/p>\n<\/blockquote>\n\n\n\n<p>et a critiqu\u00e9 Intel pour sa gestion des bogues de s\u00e9curit\u00e9.<\/p>\n\n\n\n<p>A propos des utilisateurs de Linux:<br><em>Pour diverses raisons, les gens m&rsquo;envoient des pingouins, je me demande s&rsquo;ils envoient des fen\u00eatres \u00e0 Bill gates?<\/em><\/p>\n\n\n\n<p>(For some reason people send me penguins\u00a0\u00bb I mean&#8230; I&rsquo;m wondering if they also send glass windows to Bill Gates?<\/p>\n\n\n\n<h3 class=\"wp-block-heading\">Le logiciel libre<\/h3>\n\n\n\n<p>Un logiciel libre garantit quatre libert\u00e9s fondamentales\u00e0 l&rsquo;utilisateur:<\/p>\n\n\n\n<ul class=\"wp-block-list\">\n<li>Libert\u00e9 <strong>d&rsquo;utiliser <\/strong>le logiciel comme il l&rsquo;entend.<\/li>\n\n\n\n<li>Libert\u00e9 d&rsquo;<strong>\u00e9tudier<\/strong> le logiciel.<\/li>\n\n\n\n<li>Libert\u00e9 de <strong>copier le<\/strong> logiciel.<\/li>\n\n\n\n<li>Libert\u00e9 de <strong>modifier<\/strong> le logiciel et de distribuer sa version modifi\u00e9e, et donc de participer au d\u00e9veloppement du logiciel.<\/li>\n<\/ul>\n\n\n\n<h3 class=\"wp-block-heading\">GNU\/Linux<\/h3>\n\n\n\n<p>L&#8217;emprise de <em>Microsoft<\/em> sur le grand public cache l&rsquo;omnipr\u00e9sence de **Linux**:<\/p>\n\n\n\n<ul class=\"wp-block-list\">\n<li>95 % des serveurs dans le monde tournent sous **Linux**.<\/li>\n\n\n\n<li>En F\u00e9vrier 2021 *Perseverance* amarsissait avec succ\u00e8s. *Ingenuity*, son minuscule h\u00e9licopt\u00e8re , est devenu le premier a\u00e9ronef motoris\u00e9 \u00e0 voler sur une autre plan\u00e8te, Mars. Cet exploit technique a \u00e9t\u00e9 r\u00e9alis\u00e9 gr\u00e2ce \u00e0 **Linux**, \u00e0 des **logiciels libres** et \u00e0 un programme con\u00e7u par la NASA<\/li>\n\n\n\n<li>Les Chromebook, TV, auto-radio et Smartphone sous Andro\u00efd, \u00e0 votre avis ?<\/li>\n<\/ul>\n\n\n\n<hr class=\"wp-block-separator has-alpha-channel-opacity\"\/>\n\n\n\n<p><strong>R\u00e9f\u00e9rences<\/strong><\/p>\n\n\n\n<p><strong>Cours et ressources<\/strong><\/p>\n\n\n\n<div class=\"wp-block-media-text is-stacked-on-mobile\" style=\"grid-template-columns:35% auto\"><figure class=\"wp-block-media-text__media\"><img loading=\"lazy\" decoding=\"async\" width=\"800\" height=\"997\" src=\"https:\/\/maths-code.fr\/cours\/wp-content\/uploads\/2023\/11\/1695416226426.gif\" alt=\"Arborescence du syst\u00e8me de fichier Linux.\" class=\"wp-image-5115 size-full\"\/><\/figure><div class=\"wp-block-media-text__content\">\n<ul class=\"wp-block-list\">\n<li><a href=\"http:\/\/maths-code.fr\/NSI\/1ere\/SHELL\/Cours_SHELL.pdf\">Cours Linux et SHELL<\/a><\/li>\n\n\n\n<li>Jeux pour apprendre <em>Bash<\/em>:\n<ul class=\"wp-block-list\">\n<li>*Terminus*: un jeu pour apprendre les commandes SHELL: <a href=\"http:\/\/luffah.xyz\/bidules\/Terminus\/\">http:\/\/luffah.xyz\/bidules\/Terminus\/<\/a><\/li>\n\n\n\n<li style=\"font-size:18px\">*GameShell*: Un jeu pour apprendre les commande *bash* dans le **terminal**.<br>R\u00e9cup\u00e9rez-le avec la commande <code>wget<\/code>:<br><code>wget https:\/\/github.com\/phyver\/GameShell\/releases\/download\/latest\/gameshell.sh <\/code><br>puis lancez-le avec:<br><code>bash gameshell.sh<\/code>.<\/li>\n<\/ul>\n<\/li>\n\n\n\n<li><a href=\"https:\/\/connect.ed-diamond.com\/Linux-Pratique\/lp-124\/optimiser-sa-configuration-de-bash?utm_campaign=Alerte-article-gratuit-Connect-LP124-08-03-22-particuliers&amp;utm_medium=email&amp;utm_source=newsletter\">[Astuces sur Bash]<\/a><\/li>\n<\/ul>\n<\/div><\/div>\n\n\n\n<hr class=\"wp-block-separator has-alpha-channel-opacity\"\/>\n\n\n\n<p><strong>Documentaires:<\/strong><\/p>\n\n\n\n<ul class=\"wp-block-list\">\n<li><a href=\"https:\/\/vimeo.com\/397009297\" target=\"_blank\" rel=\"noreferrer noopener\">La bataille du libre<\/a> &#8211; documentaire sur le mouvement du libre&nbsp; ( <em>Philippe Borrel<\/em> ARTE 2019-55 minutes)<\/li>\n\n\n\n<li><a href=\"https:\/\/www.imagotv.fr\/documentaires\/lol-logiciel-libre-une-affaire-serieuse\">LOL-Le logiciel libre, une affaire s\u00e9rieuse.<\/a> r\u00e9alis\u00e9 par <em>Fran\u00e7ois Zaidi<\/em> et co\u00e9crit par <em>Thierry Bayoud<\/em> et <em>L\u00e9a Deneuville<\/em>. Thierry explique notamment qu&rsquo;il ne connaissait pas le logiciel libre avant de commencer le film.<\/li>\n<\/ul>\n\n\n\n<hr class=\"wp-block-separator has-alpha-channel-opacity\"\/>\n\n\n\n<h2 class=\"wp-block-heading has-medium-font-size\">R\u00e9f\u00e9rences<\/h2>\n\n\n\n<ul class=\"wp-block-list\">\n<li><a href=\"https:\/\/www.numerique.gouv.fr\/publications\/plan-action-logiciels-libres-communs-numeriques\/\">Plan d\u2019action logiciels libres et communs num\u00e9riques sur le site numerique.gouv.fr <\/a><\/li>\n\n\n\n<li><a href=\"https:\/\/www.data.gouv.fr\/fr\/datasets\/socle-interministeriel-de-logiciels-libres\/\">Socle interminist\u00e9riel des logiciels libres<\/a><\/li>\n<\/ul>\n\n\n\n<ul class=\"wp-block-list\">\n<li><a href=\"https:\/\/www.lepoint.fr\/invites-du-point\/aurelie-jean-merci-perseverance-le-logiciel-libre-arrive-sur-mars-28-02-2021-2415748_420.php\">https:\/\/www.lepoint.fr\/invites-du-point\/aurelie-jean-merci-perseverance-le-logiciel-libre-arrive-sur-mars-28-02-2021-2415748_420.php<\/a><\/li>\n\n\n\n<li>Notre <a href=\"https:\/\/maths-code.fr\/cours\/2022\/06\/28\/logiciel-libre-au-lycee-retour-dexperience\/\">utilisation de Linux et des logiciels libres dans le cadre du projet Num\u00e9rique inclusif responsable et durable : NIRD<\/a>.<\/li>\n\n\n\n<li><a href=\"https:\/\/www.zdnet.fr\/actualites\/video-ingenuity-voler-sur-mars-grace-aux-logiciels-libres-39921321.htm\">https:\/\/www.zdnet.fr\/actualites\/video-ingenuity-voler-sur-mars-grace-aux-logiciels-libres-39921321.htm<\/a><\/li>\n\n\n\n<li><a href=\"https:\/\/fr.wikipedia.org\/wiki\/Richard_Stallman\">https:\/\/fr.wikipedia.org\/wiki\/Richard_Stallman<\/a><\/li>\n\n\n\n<li>Article expliquant le <a href=\"https:\/\/interstices.info\/le-logiciel-libre-et-ouvert-revolution-ou-evolution\/\">concept de logiciel libre<\/a> sur <em>Interstices.info<\/em>.<\/li>\n<\/ul>\n","protected":false},"excerpt":{"rendered":"<p>Deux acteurs historiques du logiciel libre : Richard Stallman et Linus Torvalds. On notera cependant une diff\u00e9rence de vision entre les deux personnages. L&rsquo;un -Stallman- recherchant le c\u00f4t\u00e9 \u00e9thique du logiciel libre et l&rsquo;autre privil\u00e9giant le c\u00f4t\u00e9 dit pragmatique, ce qui correspond davantage au terme open source. Le logiciel libre est avant tout un \u00e9tat d&rsquo;esprit, libre est \u00e0 prendre au sens de libert\u00e9 et non de gratuit m\u00eame si souvent les logiciels libres le sont. La g\u00e9n\u00e8se du projet GNU\/Linux est \u00e0 mettre au cr\u00e9dit de ces deux informaticiens de renom.Vous d\u00e9couvrirez ce syst\u00e8me d&rsquo;exploitation et divers logiciel libre au cours de cette ann\u00e9e de premi\u00e8re. Richard Stallman (1953-): Ancien de Harvard, Il d\u00e9couvrit au MIT l\u2019\u00e9thique des hackers : le partage des connaissances, le refus de l\u2019autorit\u00e9 et le perfectionnisme. Au mois de septembre 1983, Richard Stallman annon\u00e7a le d\u00e9veloppement d\u2019un syst\u00e8me d\u2019exploitation libre qu\u2019il nomme \u00ab GNU \u00bb et qui a pour but d\u2019\u00eatre un \u00e9quivalent libre d\u2019Unix. L\u2019acronyme r\u00e9cursif GNU signifie GNU\u2019s Not Unix (\u00ab GNU n\u2019est pas UNIX \u00bb) et se veut un clin d\u2019\u0153il humoristique \u00e0 une tradition des informaticiens du MIT de nommer des projets au moyen d\u2019acronymes r\u00e9cursifs . Lorsque l\u2019imprimante Xerox de son laboratoire se mit \u00e0 avoir des soucis de bourrage, il d\u00e9cida d\u2019am\u00e9liorer le pilote existant afin de r\u00e9gler le probl\u00e8me. Il fut alors surpris de voir que celui-ci est uniquement disponible sous la forme d\u2019un binaire; le code source en est inaccessible et personne ne veut le lui fournir. Il comprend que l\u2019\u00e9thique du hacker est en train de dispara\u00eetre et qu\u2019il faut agir. C\u2019est ce qui explique en partie la conception du projet GNU quelques mois plus tard apr\u00e8s un message publi\u00e9 sur Usenet. Pour Usenet, voir https:\/\/fr.wikipedia.org\/wiki\/Usenet La naissance du noyau Linux en 1991 (apr\u00e8s que celui-ci eut \u00e9t\u00e9 publi\u00e9 sous licence GPL) permet, en le combinant aux outils GNU, de former le syst\u00e8me d\u2019exploitation GNU\/Linux. Il y a une controverse et une certaine confusion de nommage du syst\u00e8me d\u2019exploitation entre Linux, qui est en r\u00e9alit\u00e9 le noyau du syst\u00e8me d\u2019exploitation, et GNU\/Linux qui est le syst\u00e8me d\u2019exploitation. L\u2019appellation GNU\/Linux est importante pour Richard Stallman, car elle permet entre autres que ne soit pas occult\u00e9 le but du projet GNU : permettre l\u2019utilisation d\u2019un syst\u00e8me enti\u00e8rement libre et garantir les libert\u00e9s fondamentales de mani\u00e8re g\u00e9n\u00e9rale. Le logo est logiquement form\u00e9 d&rsquo;un gnou (GNU) et d&rsquo;un pingouin (Linux), ce dernier nomm\u00e9 TUX est cens\u00e9 repr\u00e9senter la r\u00e9sistance et la robustesse du syst\u00e8me. Ses relations avec les protagonistes du mouvement sont devenues de plus en plus difficiles. L\u2019incarnation de Linus Torvalds en sauveur de l\u2019informatique libre moderne \u2014 id\u00e9e re\u00e7ue v\u00e9hicul\u00e9e par les m\u00e9dias \u00e0 travers la popularit\u00e9 du projet Linux \u2014 agace Stallman. Non seulement car Linus lui-m\u00eame refuse ce r\u00f4le, mais aussi parce que, pour des raisons historiques logiques et sa lutte sans faille depuis le d\u00e9but du mouvement, selon Stallman, ce titre devrait lui revenir. (source: https:\/\/fr.wikipedia.org\/wiki\/Richard_Stallman) Linus Torvalds (1969-): Cr\u00e9ateur du noyau -qu&rsquo;il avait publi\u00e9 comme un projet sans importance- et coordinateur de Linux. Linus Benedict Torvalds, n\u00e9 le 28 d\u00e9cembre 1969 \u00e0 Helsinki en Finlande, est un informaticien am\u00e9ricano-finlandais. Il est connu pour avoir cr\u00e9\u00e9 en 1991 le noyau Linux dont il continue de diriger le d\u00e9veloppement Linus est assez connu pour son c\u00f4t\u00e9 mauvais gar\u00e7on.-En 2012, il adresse notamment \u00e0 la soci\u00e9t\u00e9 Nvidia un \u00ab\u00a0allez vous faire foutre\u00a0\u00bb assorti d&rsquo;un doigt d&rsquo;honneur car Nvidia a omis les pilotes de cartes graphiques dans le code source ouvert de Linux.-Il a \u00e9galement affirm\u00e9 \u00e0 propos de Microsoft : Microsoft n&rsquo;est pas mauvais, ils font juste des syst\u00e8mes d&rsquo;exploitation vraiment merdiques.Linux Torvalds et a critiqu\u00e9 Intel pour sa gestion des bogues de s\u00e9curit\u00e9. A propos des utilisateurs de Linux:Pour diverses raisons, les gens m&rsquo;envoient des pingouins, je me demande s&rsquo;ils envoient des fen\u00eatres \u00e0 Bill gates? (For some reason people send me penguins\u00a0\u00bb I mean&#8230; I&rsquo;m wondering if they also send glass windows to Bill Gates? Le logiciel libre Un logiciel libre garantit quatre libert\u00e9s fondamentales\u00e0 l&rsquo;utilisateur: GNU\/Linux L&#8217;emprise de Microsoft sur le grand public cache l&rsquo;omnipr\u00e9sence de **Linux**: R\u00e9f\u00e9rences Cours et ressources Documentaires: R\u00e9f\u00e9rences<\/p>\n","protected":false},"author":1,"featured_media":0,"parent":0,"menu_order":0,"comment_status":"closed","ping_status":"closed","template":"","meta":{"_import_markdown_pro_load_document_selector":0,"_import_markdown_pro_submit_text_textarea":"","footnotes":""},"class_list":["post-292","page","type-page","status-publish","hentry"],"acf":[],"_links":{"self":[{"href":"https:\/\/maths-code.fr\/cours\/wp-json\/wp\/v2\/pages\/292","targetHints":{"allow":["GET"]}}],"collection":[{"href":"https:\/\/maths-code.fr\/cours\/wp-json\/wp\/v2\/pages"}],"about":[{"href":"https:\/\/maths-code.fr\/cours\/wp-json\/wp\/v2\/types\/page"}],"author":[{"embeddable":true,"href":"https:\/\/maths-code.fr\/cours\/wp-json\/wp\/v2\/users\/1"}],"replies":[{"embeddable":true,"href":"https:\/\/maths-code.fr\/cours\/wp-json\/wp\/v2\/comments?post=292"}],"version-history":[{"count":83,"href":"https:\/\/maths-code.fr\/cours\/wp-json\/wp\/v2\/pages\/292\/revisions"}],"predecessor-version":[{"id":5803,"href":"https:\/\/maths-code.fr\/cours\/wp-json\/wp\/v2\/pages\/292\/revisions\/5803"}],"wp:attachment":[{"href":"https:\/\/maths-code.fr\/cours\/wp-json\/wp\/v2\/media?parent=292"}],"curies":[{"name":"wp","href":"https:\/\/api.w.org\/{rel}","templated":true}]}}