{"id":5335,"date":"2024-01-26T17:13:01","date_gmt":"2024-01-26T16:13:01","guid":{"rendered":"https:\/\/maths-code.fr\/cours\/?page_id=5335"},"modified":"2025-05-28T20:43:20","modified_gmt":"2025-05-28T18:43:20","slug":"culture-numerique-maths-et-logiciels-libres","status":"publish","type":"page","link":"https:\/\/maths-code.fr\/cours\/","title":{"rendered":"Culture num\u00e9rique, maths et logiciels libres"},"content":{"rendered":"\n<h2 class=\"wp-block-heading\">Journ\u00e9e nationale du Libre \u00c9ducatif 2025<\/h2>\n\n\n\n<p>\u00ab Pour un num\u00e9rique inclusif, responsable et durable \u00bb, tel sera le th\u00e8me de la 4e \u00e9dition de la&nbsp;<strong>Journ\u00e9e du Libre \u00c9ducatif<\/strong>&nbsp;qui se d\u00e9roulera le&nbsp;<strong>vendredi 4 avril 2025<\/strong>&nbsp;pour la premi\u00e8re fois dans les <strong>Hauts-de-France<\/strong> et pour la premi\u00e8re fois dans un \u00e9tablissement scolaire, le&nbsp;<strong><a href=\"https:\/\/www.lyceecarnot.fr\/\">lyc\u00e9e Carnot de Bruay-la-Buissi\u00e8re<\/a><\/strong>.<\/p>\n\n\n<div class=\"wp-block-image\">\n<figure class=\"aligncenter size-large\"><a href=\"https:\/\/maths-code.fr\/videos\/JDLE2025.mp4\"><img loading=\"lazy\" decoding=\"async\" width=\"1024\" height=\"341\" src=\"https:\/\/maths-code.fr\/cours\/wp-content\/uploads\/2025\/03\/JDLE2025_2-1024x341.png\" alt=\"\" class=\"wp-image-6400\" srcset=\"https:\/\/maths-code.fr\/cours\/wp-content\/uploads\/2025\/03\/JDLE2025_2-1024x341.png 1024w, https:\/\/maths-code.fr\/cours\/wp-content\/uploads\/2025\/03\/JDLE2025_2-300x100.png 300w, https:\/\/maths-code.fr\/cours\/wp-content\/uploads\/2025\/03\/JDLE2025_2-768x256.png 768w, https:\/\/maths-code.fr\/cours\/wp-content\/uploads\/2025\/03\/JDLE2025_2-1536x512.png 1536w, https:\/\/maths-code.fr\/cours\/wp-content\/uploads\/2025\/03\/JDLE2025_2-1140x380.png 1140w, https:\/\/maths-code.fr\/cours\/wp-content\/uploads\/2025\/03\/JDLE2025_2.png 1771w\" sizes=\"auto, (max-width: 1024px) 100vw, 1024px\" \/><\/a><figcaption class=\"wp-element-caption\"><strong>#JDLE2025 au lyc\u00e9e Carnot &#8211;<\/strong><a href=\"https:\/\/dane.site.ac-lille.fr\/2025\/03\/03\/4e-edition-de-la-journee-du-libre-educatif\/\"><strong> <\/strong>VId\u00e9o de la journ\u00e9e film\u00e9e par les \u00e9l\u00e8ves.<\/a><\/figcaption><\/figure>\n<\/div>\n\n\n<h2 class=\"wp-block-heading\">Projet NIRD<\/h2>\n\n\n\n<p><br><a href=\"https:\/\/maths-code.fr\/cours\/2024\/10\/28\/projet-nird-octobre-2024\/\"><strong>Dernier bilan de notre action pour les mois de septembre et octobre 2024<\/strong><\/a>. Quelques images de notre dernier d\u00e9part \u00e0 v\u00e9lo pour livrer les machines recycl\u00e9es et l&rsquo;ensemble de nos interventions avec ou sans \u00e9l\u00e8ves.<\/p>\n\n\n\n<div class=\"wp-block-media-text is-stacked-on-mobile\"><figure class=\"wp-block-media-text__media\"><img loading=\"lazy\" decoding=\"async\" width=\"768\" height=\"432\" src=\"https:\/\/maths-code.fr\/cours\/wp-content\/uploads\/2024\/01\/Trou_Noir2.gif\" alt=\"\" class=\"wp-image-5336 size-full\"\/><\/figure><div class=\"wp-block-media-text__content\">\n<p><\/p>\n\n\n\n<h4 class=\"wp-block-heading\">Logiciels libres<\/h4>\n\n\n\n<p>Une partie de ce site est consacr\u00e9 au projet <a href=\"https:\/\/maths-code.fr\/cours\/numerique-responsable\/\">Num\u00e9rique Inclusif Responsable et Durable : NIRD<\/a>. Nous y <a href=\"https:\/\/maths-code.fr\/cours\/2022\/06\/28\/logiciel-libre-au-lycee-retour-dexperience\/\">documentons notre utilisation des logiciels libres<\/a> \u00e0 l&rsquo;\u00e9chelle de notre lyc\u00e9e et de quelques \u00e9tablissements de l&rsquo;acad\u00e9mie de Lille.<br><br>La partie<a href=\"https:\/\/maths-code.fr\/cours\/recycler-un-pc-sous-gnu-linux\/\"> <em>reconditionner un PC sous Gnu\/linux<\/em><\/a> vous sera utile pour installer le syst\u00e8me d&rsquo;exploitation Linux sur votre PC. Le protocole d&rsquo;installation et les logiciels pr\u00e9conis\u00e9s y sont indiqu\u00e9s.<br>Vous trouverez un tutoriel et <a href=\"https:\/\/maths-code.fr\/cours\/client-gnu-linux-et-open-ldap-2-2\">un script SHELL<\/a> pour les coll\u00e8gues souhaitant <a href=\"https:\/\/maths-code.fr\/cours\/postes-linux-et-kwartz\/\">int\u00e9grer un client Gnu\/Linux \u00e0 l&rsquo;annuaire LDAP de Kwartz<\/a>,<\/p>\n\n\n\n<p>Avec pour objectif de diversifier les usages, \u00e9manciper les \u00e9l\u00e8ves et lutter contre les in\u00e9galit\u00e9s en num\u00e9rique.<\/p>\n<\/div><\/div>\n\n\n\n<h4 class=\"wp-block-heading\">Cours de la sp\u00e9cialit\u00e9 Num\u00e9rique et Science Informatique : NSI.<\/h4>\n\n\n\n<p>Vous y trouverez \u00e9galement les cours de Num\u00e9rique et Science Informatiques (NSI) du<a href=\"https:\/\/www.lyceecarnot.fr\/\"> lyc\u00e9e Carnot de Bruay-Labuissi\u00e8re<\/a>.<br>Une page est d\u00e9di\u00e9e \u00e0 la <a href=\"https:\/\/maths-code.fr\/cours\/seconde\/\">progression de la classe de seconde en math\u00e9matiques<\/a>.<\/p>\n\n\n\n<h4 class=\"wp-block-heading\">Ressources \u00e9ducatives libres<\/h4>\n\n\n\n<p>L\u2019ensemble des ressources, cours, TP ainsi que les intentions et strat\u00e9gies p\u00e9dagogiques, sont partag\u00e9es gratuitement sous licence <a href=\"https:\/\/creativecommons.org\/licenses\/by-sa\/4.0\/\" target=\"_blank\" rel=\"noreferrer noopener\">CC-BY-SA 4.0<\/a> afin de fournir des <em>Ressources Educatives Libres<\/em> (en abr\u00e9g\u00e9, <em>REL<\/em>) comme <em>communs num\u00e9riques<\/em>. Le but est de permettre \u00e0 toutes et tous, de pouvoir acc\u00e9der \u00e0 des contenus p\u00e9dagogiques, de les adapter en fonction des besoins sp\u00e9cifiques des \u00e9l\u00e8ves et de les ajuster pour r\u00e9pondre aux diff\u00e9rents styles d\u2019apprentissage et aux niveaux de comp\u00e9tence de vos \u00e9l\u00e8ves.<br><\/p>\n\n\n\n\n\n<hr class=\"wp-block-separator has-alpha-channel-opacity\"\/>\n\n\n\n<h2 class=\"wp-block-heading has-medium-font-size\">Informations pratiques<\/h2>\n\n\n\n<ul class=\"wp-block-list\">\n<li><a href=\"https:\/\/visio-agents.education.fr\/meeting\/signin\/84816\/creator\/52926\/hash\/aad94d2fe62bd658e678d8a5c12d3dad36bc41c5\">Acc\u00e9der \u00e0 la salle de visio-conf\u00e9rence de MM Beel et  Debailleul <\/a>via le logiciel libre BigBlueButton.<\/li>\n\n\n\n<li><a href=\"http:\/\/lpo.lycee-carnot-bruay.com\">Acc\u00e9der \u00e0 votre espace KWARTZ<\/a> et ainsi r\u00e9cup\u00e9rer votre r\u00e9pertoire H: et le contenu du dossier Travail\/ .<br><\/li>\n<\/ul>\n","protected":false},"excerpt":{"rendered":"<p>Journ\u00e9e nationale du Libre \u00c9ducatif 2025 \u00ab Pour un num\u00e9rique inclusif, responsable et durable \u00bb, tel sera le th\u00e8me de la 4e \u00e9dition de la&nbsp;Journ\u00e9e du Libre \u00c9ducatif&nbsp;qui se d\u00e9roulera le&nbsp;vendredi 4 avril 2025&nbsp;pour la premi\u00e8re fois dans les Hauts-de-France et pour la premi\u00e8re fois dans un \u00e9tablissement scolaire, le&nbsp;lyc\u00e9e Carnot de Bruay-la-Buissi\u00e8re. Projet NIRD Dernier bilan de notre action pour les mois de septembre et octobre 2024. Quelques images de notre dernier d\u00e9part \u00e0 v\u00e9lo pour livrer les machines recycl\u00e9es et l&rsquo;ensemble de nos interventions avec ou sans \u00e9l\u00e8ves. Logiciels libres Une partie de ce site est consacr\u00e9 au projet Num\u00e9rique Inclusif Responsable et Durable : NIRD. Nous y documentons notre utilisation des logiciels libres \u00e0 l&rsquo;\u00e9chelle de notre lyc\u00e9e et de quelques \u00e9tablissements de l&rsquo;acad\u00e9mie de Lille. La partie reconditionner un PC sous Gnu\/linux vous sera utile pour installer le syst\u00e8me d&rsquo;exploitation Linux sur votre PC. Le protocole d&rsquo;installation et les logiciels pr\u00e9conis\u00e9s y sont indiqu\u00e9s.Vous trouverez un tutoriel et un script SHELL pour les coll\u00e8gues souhaitant int\u00e9grer un client Gnu\/Linux \u00e0 l&rsquo;annuaire LDAP de Kwartz, Avec pour objectif de diversifier les usages, \u00e9manciper les \u00e9l\u00e8ves et lutter contre les in\u00e9galit\u00e9s en num\u00e9rique. Cours de la sp\u00e9cialit\u00e9 Num\u00e9rique et Science Informatique : NSI. Vous y trouverez \u00e9galement les cours de Num\u00e9rique et Science Informatiques (NSI) du lyc\u00e9e Carnot de Bruay-Labuissi\u00e8re.Une page est d\u00e9di\u00e9e \u00e0 la progression de la classe de seconde en math\u00e9matiques. Ressources \u00e9ducatives libres L\u2019ensemble des ressources, cours, TP ainsi que les intentions et strat\u00e9gies p\u00e9dagogiques, sont partag\u00e9es gratuitement sous licence CC-BY-SA 4.0 afin de fournir des Ressources Educatives Libres (en abr\u00e9g\u00e9, REL) comme communs num\u00e9riques. Le but est de permettre \u00e0 toutes et tous, de pouvoir acc\u00e9der \u00e0 des contenus p\u00e9dagogiques, de les adapter en fonction des besoins sp\u00e9cifiques des \u00e9l\u00e8ves et de les ajuster pour r\u00e9pondre aux diff\u00e9rents styles d\u2019apprentissage et aux niveaux de comp\u00e9tence de vos \u00e9l\u00e8ves. Informations pratiques<\/p>\n","protected":false},"author":1,"featured_media":0,"parent":0,"menu_order":0,"comment_status":"closed","ping_status":"closed","template":"","meta":{"_import_markdown_pro_load_document_selector":0,"_import_markdown_pro_submit_text_textarea":"","footnotes":""},"class_list":["post-5335","page","type-page","status-publish","hentry"],"acf":[],"_links":{"self":[{"href":"https:\/\/maths-code.fr\/cours\/wp-json\/wp\/v2\/pages\/5335","targetHints":{"allow":["GET"]}}],"collection":[{"href":"https:\/\/maths-code.fr\/cours\/wp-json\/wp\/v2\/pages"}],"about":[{"href":"https:\/\/maths-code.fr\/cours\/wp-json\/wp\/v2\/types\/page"}],"author":[{"embeddable":true,"href":"https:\/\/maths-code.fr\/cours\/wp-json\/wp\/v2\/users\/1"}],"replies":[{"embeddable":true,"href":"https:\/\/maths-code.fr\/cours\/wp-json\/wp\/v2\/comments?post=5335"}],"version-history":[{"count":43,"href":"https:\/\/maths-code.fr\/cours\/wp-json\/wp\/v2\/pages\/5335\/revisions"}],"predecessor-version":[{"id":6487,"href":"https:\/\/maths-code.fr\/cours\/wp-json\/wp\/v2\/pages\/5335\/revisions\/6487"}],"wp:attachment":[{"href":"https:\/\/maths-code.fr\/cours\/wp-json\/wp\/v2\/media?parent=5335"}],"curies":[{"name":"wp","href":"https:\/\/api.w.org\/{rel}","templated":true}]}}