{"id":7006,"date":"2026-01-04T23:11:17","date_gmt":"2026-01-04T22:11:17","guid":{"rendered":"https:\/\/maths-code.fr\/cours\/?page_id=7006"},"modified":"2026-01-04T23:11:17","modified_gmt":"2026-01-04T22:11:17","slug":"architecture-materielle-systeme-dexploitation","status":"publish","type":"page","link":"https:\/\/maths-code.fr\/cours\/architecture-materielle-systeme-dexploitation\/","title":{"rendered":"Architecture mat\u00e9rielle &amp; syst\u00e8me d\u2019exploitation"},"content":{"rendered":"\n<p><a href=\"https:\/\/maths-code.fr\/NSI\/1ere\/systeme\/cours.pdf\">Historique et \u00e9l\u00e9ments sur l&rsquo;architecture mat\u00e9rielle.<\/a><br><\/p>\n","protected":false},"excerpt":{"rendered":"<p>Historique et \u00e9l\u00e9ments sur l&rsquo;architecture mat\u00e9rielle.<\/p>\n","protected":false},"author":1,"featured_media":0,"parent":0,"menu_order":0,"comment_status":"closed","ping_status":"closed","template":"","meta":{"_import_markdown_pro_load_document_selector":0,"_import_markdown_pro_submit_text_textarea":"","footnotes":""},"class_list":["post-7006","page","type-page","status-publish","hentry"],"acf":[],"_links":{"self":[{"href":"https:\/\/maths-code.fr\/cours\/wp-json\/wp\/v2\/pages\/7006","targetHints":{"allow":["GET"]}}],"collection":[{"href":"https:\/\/maths-code.fr\/cours\/wp-json\/wp\/v2\/pages"}],"about":[{"href":"https:\/\/maths-code.fr\/cours\/wp-json\/wp\/v2\/types\/page"}],"author":[{"embeddable":true,"href":"https:\/\/maths-code.fr\/cours\/wp-json\/wp\/v2\/users\/1"}],"replies":[{"embeddable":true,"href":"https:\/\/maths-code.fr\/cours\/wp-json\/wp\/v2\/comments?post=7006"}],"version-history":[{"count":1,"href":"https:\/\/maths-code.fr\/cours\/wp-json\/wp\/v2\/pages\/7006\/revisions"}],"predecessor-version":[{"id":7007,"href":"https:\/\/maths-code.fr\/cours\/wp-json\/wp\/v2\/pages\/7006\/revisions\/7007"}],"wp:attachment":[{"href":"https:\/\/maths-code.fr\/cours\/wp-json\/wp\/v2\/media?parent=7006"}],"curies":[{"name":"wp","href":"https:\/\/api.w.org\/{rel}","templated":true}]}}